{"id":827,"date":"2022-06-09T14:38:27","date_gmt":"2022-06-09T12:38:27","guid":{"rendered":"https:\/\/www.cantinadusciacchetra.it\/?page_id=827"},"modified":"2022-06-09T14:40:55","modified_gmt":"2022-06-09T12:40:55","slug":"cookie-policy","status":"publish","type":"page","link":"https:\/\/www.cantinadusciacchetra.it\/index.php\/cookie-policy\/","title":{"rendered":"Cookie Policy"},"content":{"rendered":"\t\t<div data-elementor-type=\"wp-page\" data-elementor-id=\"827\" class=\"elementor elementor-827\">\n\t\t\t\t\t\t\t\t\t<section class=\"elementor-section elementor-top-section elementor-element elementor-element-1f315de1 elementor-section-boxed elementor-section-height-default elementor-section-height-default\" data-id=\"1f315de1\" data-element_type=\"section\">\n\t\t\t\t\t\t<div class=\"elementor-container elementor-column-gap-default\">\n\t\t\t\t\t<div class=\"elementor-column elementor-col-100 elementor-top-column elementor-element elementor-element-52eed57f\" data-id=\"52eed57f\" data-element_type=\"column\">\n\t\t\t<div class=\"elementor-widget-wrap elementor-element-populated\">\n\t\t\t\t\t\t\t\t<div class=\"elementor-element elementor-element-77d27616 elementor-widget elementor-widget-text-editor\" data-id=\"77d27616\" data-element_type=\"widget\" data-widget_type=\"text-editor.default\">\n\t\t\t\t<div class=\"elementor-widget-container\">\n\t\t\t<style>\/*! elementor - v3.6.6 - 08-06-2022 *\/\n.elementor-widget-text-editor.elementor-drop-cap-view-stacked .elementor-drop-cap{background-color:#818a91;color:#fff}.elementor-widget-text-editor.elementor-drop-cap-view-framed .elementor-drop-cap{color:#818a91;border:3px solid;background-color:transparent}.elementor-widget-text-editor:not(.elementor-drop-cap-view-default) .elementor-drop-cap{margin-top:8px}.elementor-widget-text-editor:not(.elementor-drop-cap-view-default) .elementor-drop-cap-letter{width:1em;height:1em}.elementor-widget-text-editor .elementor-drop-cap{float:left;text-align:center;line-height:1;font-size:50px}.elementor-widget-text-editor .elementor-drop-cap-letter{display:inline-block}<\/style>\t\t\t\t<h2 style=\"text-align: justify;\"><strong>Politica sui Cookie \u2013 Utilizzo dei Cookie<\/strong><\/h2>\n<h4 style=\"text-align: justify;\">Informativa Estesa<\/h4>\n<p>&nbsp;<\/p>\n<h5 style=\"line-height: 1em; text-align: left;\">Informativa sulla privacy per l\u2019utilizzo dei cookie con riferimento alla pubblicazione sulla <a href=\"http:\/\/www.gazzettaufficiale.it\/eli\/id\/2014\/06\/03\/14A04066\/sg\" target=\"_blank\" rel=\"noopener noreferrer\">Gazzetta Ufficiale n. 126 del 3 giugno 2014<\/a><\/h5>\n<p>&nbsp;<\/p>\n<p style=\"text-align: justify;\">Al fine di rendere i propri servizi il pi\u00f9 possibile efficienti e semplici da utilizzare, questo sito richiede all\u2019utente se desidera o meno memorizzare dei cookies sul proprio dispositivo di navigazione. La presente informativa illustra in dettaglio come Cantina du Sciacchetr\u00e0, di seguito anche \u201cTitolare\u201d, utilizza i cookie nonch\u00e9 i file tipo cookie e le tecnologie affini nel proprio sitio web (<strong>cantinadusciacchetra.it<\/strong>), ad esempio i Local Shared Objects, noti anche come i \u201c<em>cookie di Flash<\/em>\u201d o \u201c<em>Flash cookie<\/em>\u201c, i <em>Web beacon<\/em>, etc. a cui ci si riferir\u00e0 di seguito come \u201ccookie\u201d o \u201ccookies\u201d.<\/p>\n<p style=\"text-align: justify;\">Il sito web cantinadusciacchetra.it ha le migliori prestazioni con i cookie abilitati. Grazie ai cookie \u00e8 possibile \u201cricordarci\u201d di te quando torni sul nostro sito, cos\u00ec come identificare e risolvere errori \u2013 fornendoti una navigazione pi\u00f9 veloce e piacevole.<\/p>\n<p style=\"text-align: justify;\"><strong><ins>PROSEGUENDO NELLA NAVIGAZIONE DI QUESTO SITO INTERNET, PRESTI IL TUO CONSENSO ALL\u2019USO DEI COOKIE.<\/ins><\/strong><\/p>\n<p style=\"text-align: justify;\">Ai sensi dell\u2019art. 122 secondo comma del D.lgs. 196\/2003 il consenso all\u2019utilizzo di tali cookie \u00e8 espresso dall\u2019interessato mediante il settaggio individuale che ha scelto liberamente per il browser utilizzato per la navigazione nel sito, ferma restando la facolt\u00e0 dell\u2019utente di comunicare in ogni momento al Titolare del trattamento la propria volont\u00e0 in merito ai dati gestiti per il tramite dei cookie che il browser stesso abbia accettato.<\/p>\n<p style=\"text-align: justify;\">Questa pagina \u00e8 visibile, mediante link in calce in tutte le pagine del Sito ai sensi dell\u2019art. 122 secondo comma del D.lgs. 196\/2003 e a seguito delle modalit\u00e0 semplificate per l\u2019informativa e l\u2019acquisizione del consenso per l\u2019uso dei cookie pubblicata sulla Gazzetta Ufficiale n.126 del 3 giugno 2014 e relativo registro dei provvedimenti n.229 dell\u20198 maggio 2014.<\/p>\n<p style=\"text-align: justify;\"><strong>Che cosa sono i cookie?<\/strong><\/p>\n<p style=\"text-align: justify;\">I cookie sono file di testo che contengono pacchetti di informazioni che vengono memorizzati sul tuo computer o sul tuo dispositivo mobile tutte le volte che visiti un sito online attraverso un browser. Ad ogni successiva visita il browser invia questi cookies al sito web che li ha originati o ad un altro sito. I cookies permettono ai siti di ricordare alcune informazioni per permetterti di navigare online in modo semplice e veloce. La maggior parte dei siti web utilizza i cookie poich\u00e9 fanno parte degli strumenti in grado di migliorare l\u2019esperienza di navigazione degli utenti. I cookie permettono ai siti web di offrire servizi personalizzati (per esempio, ricordare un accesso, conservare i prodotti nel carrello o mostrare contenuti importanti). Per saperne di pi\u00f9 su queste tecnologie e su come funzionano, visita, ad esempio, il sito <a href=\"http:\/\/www.allaboutcookies.org\" target=\"_blank\" rel=\"noopener noreferrer\">allaboutcookies.org<\/a>.<\/p>\n<p style=\"text-align: justify;\"><strong>Come posso gestire i cookie?<\/strong><\/p>\n<p style=\"text-align: justify;\">Puoi esaminare le opzioni disponibili per gestire i cookie nel tuo browser. Il browser pu\u00f2 essere usato per gestire cookie relativi a <strong>funzioni base<\/strong>, al <strong>miglioramento del sito<\/strong>, alla <strong>personalizzazione<\/strong> e alla <strong>pubblicit\u00e0<\/strong>. Browser differenti utilizzano modi differenti per disabilitare i cookie, ma si trovano solitamente sotto il menu Strumenti o Opzioni. Puoi anche consultare il menu Aiuto del browser. Oltre alla gestione dei cookie, i browser ti consentono solitamente di controllare file simili ai cookie,come i Local Shared Objects, ad esempio abilitando la modalit\u00e0 privacy del browser.<\/p>\n<p style=\"text-align: justify;\"><strong>Impostazioni dei cookie e come disabilitare i cookie configurando il browser (opt-out)<\/strong><\/p>\n<p style=\"text-align: justify;\">Puoi decidere di permettere o meno l\u2019impostazione dei cookie sul tuo computer. Le impostazioni riguardanti i cookie possono essere controllate e modificate dalle \u201c<strong>Preferenze<\/strong>\u201d del browser. Riportiamo di seguito i link alla documentazione dei browser maggiormente diffusi (per altri browser eventualmente utilizzati suggeriamo di cercare questa opzione nell\u2019help del software, normalmente disponibile attraverso il tasto F1).<\/p>\n<ul style=\"text-align: justify;\">\n<li><strong>Chrome<\/strong>\n<ol>\n<li>Eseguire il Browser Chrome<\/li>\n<li>Fare click sul men\u00f9 presente nella barra degli strumenti del browser a fianco della finestra di inserimento url per la navigazione<\/li>\n<li>Selezionare <strong>Impostazioni<\/strong><\/li>\n<li>Fare click su <strong>Mostra Impostazioni Avanzate<\/strong><\/li>\n<li>Nella sezione \u201cPrivacy\u201d Fare click su bottone \u201c<strong>Impostazioni contenuti<\/strong>\u201c<\/li>\n<li>Nella sezione \u201cCookie\u201d \u00e8 possibile modificare le seguenti impostazioni relative ai cookie:\n<ul>\n<li>Consentire il salvataggio dei dati in locale<\/li>\n<li>Modificare i dati locali solo fino alla chiusura del browser<\/li>\n<li>Impedire ai siti di impostare i cookie<\/li>\n<li>Bloccare i cookie di terze parti e i dati dei siti<\/li>\n<li>Gestire le eccezioni per alcuni siti internet<\/li>\n<li>Eliminazione di uno o tutti i cookie<\/li>\n<\/ul>\n<\/li>\n<\/ol>\n<p>Per maggiori informazioni, visita la <a href=\"https:\/\/support.google.com\/chrome\/bin\/answer.py?hl=it&amp;answer=95647&amp;topic=14666&amp;ctx=topic\" target=\"_blank\" rel=\"noopener noreferrer\">pagina dedicata<\/a><\/p><\/li>\n<li><strong>Mozilla Firefox<\/strong>\n<ol>\n<li>Eseguire il Browser Mozilla Firefox<\/li>\n<li>Fare click sul men\u00f9 presente nella barra degli strumenti del browser a fianco della finestra di inserimento url per la navigazione<\/li>\n<li>Selezionare <strong>Opzioni<\/strong><\/li>\n<li>Seleziona il pannello <strong>Privacy<\/strong><\/li>\n<li>Fare click su <strong>Mostra Impostazioni Avanzate<\/strong><\/li>\n<li>Nella sezione \u201cPrivacy\u201d Fare click su bottone \u201c<strong>Impostazioni contenuti<\/strong>\u201c<\/li>\n<li>Nella sezione \u201c<strong>Tracciamento<\/strong>\u201d \u00e8 possibile modificare le seguenti impostazioni relative ai cookie:\n<ul>\n<li>Richiedi ai siti di non effettuare alcun tracciamento<\/li>\n<li>Comunica ai siti la disponibilit\u00e0 ad essere tracciato<\/li>\n<li>Non comunicare alcuna preferenza relativa al tracciamento dei dati personali<\/li>\n<\/ul>\n<\/li>\n<li>Dalla sezione \u201c<strong>Cronologia<\/strong>\u201d \u00e8 possibile:\n<ul>\n<li>Abilitando \u201cUtilizza impostazioni personalizzate\u201d selezionare di accettare i cookie di terze parti (sempre, dai siti pi\u00f9 visitati o mai) e di conservarli per un periodo determinato (fino alla loro scadenza, alla chiusura di Firefox o di chiedere ogni volta)<\/li>\n<li>Rimuovere i singoli cookie immagazzinati<\/li>\n<\/ul>\n<\/li>\n<\/ol>\n<p>Per maggiori informazioni, visita la <a href=\"https:\/\/support.mozilla.org\/it\/kb\/Attivare%20e%20disattivare%20i%20cookie\" target=\"_blank\" rel=\"noopener noreferrer\">pagina dedicata<\/a><\/p><\/li>\n<li><strong>Internet Explorer<\/strong>\n<ol>\n<li>Eseguire il Browser Internet Explorer<\/li>\n<li>Fare click sul pulsante <strong>Strumenti<\/strong> e scegliere <strong>Opzioni Internet<\/strong><\/li>\n<li>Fare click sulla scheda <strong>Privacy<\/strong> e nella sezione Impostazioni modificare il dispositivo di scorrimento in funzione dell\u2019azione desiderata per i cookie:\n<ul>\n<li>Bloccare tutti i cookie<\/li>\n<li>Consentire tutti i cookie<\/li>\n<li>Selezione dei siti da cui ottenere cookie: spostare il cursore in una posizione intermedia in modo da non bloccare o consentire tutti i cookie, premere quindi su Siti, nella casella Indirizzo Sito Web inserire un sito internet e quindi premere su Blocca o Consenti<\/li>\n<\/ul>\n<\/li>\n<\/ol>\n<p>Per maggiori informazioni, visita la <a href=\"http:\/\/windows.microsoft.com\/it-it\/windows-vista\/block-or-allow-cookies\" target=\"_blank\" rel=\"noopener noreferrer\">pagina dedicata<\/a><\/p><\/li>\n<li><strong>Opera<\/strong>\n<ol>\n<li>Eseguire il Browser Opera<\/li>\n<li>Fare click sul Preferenze poi su Avanzate e infine su Cookie<\/li>\n<li>Selezionare una delle seguenti opzioni:\n<ul>\n<li>Accetta tutti i cookie<\/li>\n<li>Accetta i cookie solo dal sito che si visita: i cookie di terze parti e che vengono inviati da un dominio diverso da quello che si sta visitando verranno rifiutati<\/li>\n<li>Non accettare mai i cookie: tutti i cookie non verranno mai salvati<\/li>\n<\/ul>\n<\/li>\n<\/ol>\n<p>Per maggiori informazioni, visita la <a href=\"https:\/\/www.opera.com\/browser\/tutorials\/security\/privacy\/\" target=\"_blank\" rel=\"noopener noreferrer\">pagina dedicata<\/a><\/p><\/li>\n<li><strong>Safari<\/strong>\n<ol>\n<li>Eseguire il Browser Safari<\/li>\n<li>Selezionare <strong>Preferenze<\/strong> e premere su <strong>Privacy<\/strong><\/li>\n<li>Nella sezione <em>Blocca Cookie<\/em> specificare come Safari deve accettare i cookie dai siti internet (Di sponsor e terze parti, Sempre, Mai).<\/li>\n<li>Per visionare quali siti hanno immagazzinato i cookie cliccare su <strong>Dettagli<\/strong><\/li>\n<\/ol>\n<p>Per maggiori informazioni, visita la <a href=\"https:\/\/support.apple.com\/kb\/PH19214?viewlocale=it_IT&amp;locale=it_IT\" target=\"_blank\" rel=\"noopener noreferrer\">pagina dedicata<\/a><\/p><\/li>\n<li><strong>Safari (iPad)<\/strong>\n<ol>\n<li>Eseguire il Browser Safari iOS<\/li>\n<li>Tocca su <strong>Impostazioni<\/strong> e poi <strong>Safari<\/strong><\/li>\n<li>Tocca su <strong>Blocca Cookie<\/strong> e scegli tra le varie opzioni: \u201cMai\u201d, \u201cDi terze parti e inserzionisti\u201d o \u201cSempre\u201d<\/li>\n<li>Per cancellare tutti i cookie immagazzinati da Safari, tocca su <strong>Impostazioni<\/strong>, poi su <strong>Safari<\/strong> e infine su <strong>Cancella Cookie e dati<\/strong><\/li>\n<\/ol>\n<p>Per maggiori informazioni, visita la <a href=\"https:\/\/support.apple.com\/it-it\/HT201265\" target=\"_blank\" rel=\"noopener noreferrer\">pagina dedicata<\/a><\/p><\/li>\n<\/ul>\n<p style=\"text-align: justify;\">La disattivazione dei cookie potrebbe comportare la disabilitazione di alcune funzionalit\u00e0 di questi siti web. Anche con tutti i cookie disabilitati, il tuo browser continuer\u00e0 a memorizzare una piccola quantit\u00e0 di informazioni. Queste informazioni sono necessarie per le funzionalit\u00e0 di base di questi siti web.<\/p>\n<p style=\"text-align: justify;\">Se il tuo dispositivo accetta le impostazioni del sito www.youronlinechoices.com, puoi ulteriormente verificare le tue scelte tramite l\u2019applicazione <strong><a href=\"http:\/\/www.youronlinechoices.com\/it\/le-tue-scelte\" target=\"_blank\" rel=\"noopener noreferrer\">EDAA<\/a><\/strong>, che ti permetter\u00e0 di attivare o disattivare il rilascio di cookie da parte delle societ\u00e0 emittenti pi\u00f9 diffuse.<\/p>\n<p style=\"text-align: justify;\"><strong>Antitracciamento<\/strong><\/p>\n<p style=\"text-align: justify;\">L\u2019antitracciamento \u00e8 una funzionalit\u00e0 dei moderni browser che permette di comunicare a un sito web la tua intenzione di non voler essere tracciato per scopi quali la visualizzazione di avvisi pubblicitari mirati. Questo avviene trasmettendo un header HTTP di tipo Do Not Track ogni qualvolta i tuoi dati personali vengono richiesti online. Qui di seguito i link per abilitare l\u2019antitracciamento sui browser maggiormente diffusi<\/p>\n<ul style=\"text-align: justify;\">\n<li><a href=\"https:\/\/support.google.com\/chrome\/answer\/114836?hl=it\" target=\"_blank\" rel=\"noopener noreferrer\">Chrome<\/a><\/li>\n<li><a href=\"https:\/\/www.mozilla.org\/it\/firefox\/dnt\/\" target=\"_blank\" rel=\"noopener noreferrer\">Mozilla Firefox<\/a><\/li>\n<li><a href=\"http:\/\/windows.microsoft.com\/it-it\/internet-explorer\/use-tracking-protection#ie=ie-11\" target=\"_blank\" rel=\"noopener noreferrer\">Internet Explorer<\/a><\/li>\n<li><a href=\"http:\/\/help.opera.com\/Windows\/12.10\/it\/notrack.html\" target=\"_blank\" rel=\"noopener noreferrer\">Opera<\/a><\/li>\n<li><a href=\"https:\/\/support.apple.com\/kb\/PH11952?locale=it_IT\" target=\"_blank\" rel=\"noopener noreferrer\">Safari<\/a><\/li>\n<\/ul>\n<p style=\"text-align: justify;\"><strong>Cookie di Adobe Flash Player<\/strong><\/p>\n<p style=\"text-align: justify;\">Anche Adobe Flash Player potrebbe memorizzare informazioni sul tuo dispositivo. Questi cookie non possono essere controllati tramite browser. Alcuni produttori di browser stanno sviluppando soluzioni che permettano di controllare tali cookie direttamente dal browser, ma al momento i cookie di Flash Player possono essere bloccati o limitati solamente dal sito web di Adobe.<\/p>\n<p style=\"text-align: justify;\"><strong>Consenso alla memorizzazione ed all\u2019invio dei cookie<\/strong><\/p>\n<p style=\"text-align: justify;\">Il Titolare non \u00e8 tenuto a richiedere il consenso dell\u2019utente per i cookie tecnici, poich\u00e9 questi sono strettamente necessari per la fornitura del servizio. Per le altre tipologie di cookie il consenso pu\u00f2 essere espresso dall\u2019Utente, conformemente alla normativa vigente, mediante specifiche configurazioni del browser e di programmi informatici o di dispositivi che siano di facile e chiara utilizzabilit\u00e0 per l\u2019Utente. Il Titolare ricorda all\u2019Utente che \u00e8 possibile modificare le preferenze relative ai cookie in qualsiasi momento, agendo sulle impostazioni dei cookie dl proprio dispositivo. Su questo sito, una volta salvate le proprie preferenze sui cookie, verr\u00e0 mostrato un banner a fondo pagina (\u201cPreferenze Cookie\u201d) sul quale sar\u00e0 possibile cliccare per cambiare le proprie preferenze per questo sito. \u00c8 anche possibile disabilitare in qualsiasi momento i cookie dal browser, ma questa operazione potrebbe impedire all\u2019Utente di utilizzare alcune funzionalit\u00e0 e\/o disabilitare la fruizione di parti dei siti web del Titolare.<\/p>\n<p style=\"text-align: justify;\"><strong>Tipologie di cookie<\/strong><\/p>\n<p style=\"text-align: justify;\">Esistono vari tipi di cookie. Qui di seguito sono riportati i tipi cookie che possono essere utilizzati da un sito web, con una descrizione della finalit\u00e0 legata all\u2019uso. I cookie comprendono sia <strong>cookie persistenti<\/strong> (che si eliminano dopo un certo periodo fissato) che <strong>cookie di sessione<\/strong> (che si eliminano alla chiusura del browser). I cookie possono essere <strong>proprietari<\/strong>, ovvero inviati dal sito web visitato, o <strong>di terze parti<\/strong>, ovvero inviati da domini non coincidenti con quello visitato. In quest\u2019ultimo caso le informazioni raccolte sono gestite da una terza parte e non possono essere considerati come cookie proprietari.<\/p>\n<ul style=\"text-align: justify;\">\n<li><strong>Cookie tecnici<\/strong> o \u201cstrettamente necessari\u201d<br>\nI cookie di questo tipo sono necessari per il corretto funzionamento di alcune aree del sito. In assenza di tali cookie, il sito o alcune porzioni di esso potrebbero non funzionare correttamente. Pertanto, vengono sempre utilizzati, indipendentemente dalle preferenze dell\u2019utente.<\/li>\n<li><strong>Cookie analitici<\/strong><br>\nI cookie di questo tipo vengono utilizzati per raccogliere informazioni sull\u2019utilizzo del sito. Tali informazioni servono per formulare analisi statistiche, per migliorare il sito e semplificarne l\u2019utilizzo, oltre che per monitorarne il corretto funzionamento. Questo tipo di cookie raccoglie informazioni in forma anonima sull\u2019attivit\u00e0 degli utenti nei propri siti web e sul modo in cui sono arrivati ai siti e alle pagine visitate. I cookie di questa categoria vengono inviati dal sito stesso.<\/li>\n<li><strong>Cookie di profilazione<\/strong><br>\nI cookie di questo tipo vengono utilizzati per raccogliere informazioni sull\u2019utilizzo del sito da parte dei visitatori, le eventuali parole chiave usate per raggiungere il sito, i siti web visitati e le origini del traffico da cui provengono i visitatori per le campagne di marketing e possono essere utilizzati al fine di inviare messaggi pubblicitari in linea con le preferenze manifestate dall\u2019utente nell\u2019ambito della navigazione in rete. I cookie di questo tipo raccolgono informazioni in forma anonima e vengono inviati dai siti stessi o da domini di terze parti.<\/li>\n<\/ul>\n<p>&nbsp;<\/p>\n<p style=\"text-align: justify;\"><strong>TIPOLOGIE DI COOKIE USATE DA QUESTO SITO WEB<\/strong><\/p>\n<p style=\"text-align: justify;\">Qui di seguito sono riportati i tipi cookie utilizzati nei propri siti web da Cantina du Sciacchetr\u00e0, con una descrizione della finalit\u00e0 legata all\u2019uso. <strong>ATTENZIONE:<\/strong> qualora fra gli strumenti indicati in seguito fossero presenti servizi gestiti da terzi, questi potrebbero \u2013 in aggiunta a quanto specificato ed anche all\u2019insaputa del Titolare \u2013 compiere attivit\u00e0 di tracciamento dell\u2019Utente (<em>profilazione<\/em>). Per informazioni dettagliate in merito, si consiglia di consultare le privacy policy dei servizi elencati.<\/p>\n<ul style=\"text-align: justify;\">\n<li style=\"list-style-type: none;\">\n<ul style=\"text-align: justify;\">\n<li><strong>Cookie tecnici<\/strong> o \u201cstrettamente necessari\u201dI cookie di questa categoria vengono sempre inviati da questo sito.<br>\n<table style=\"width: 100%;\">\n<tbody>\n<tr>\n<th>Nome<\/th>\n<th>Tipo<\/th>\n<th>Contenuto\/scopo<\/th>\n<th>Scadenza<\/th>\n<th>Dominio<\/th>\n<\/tr>\n<tr>\n<td><strong>wp_setting<\/strong><\/td>\n<td>cookie persistente<\/td>\n<td>settaggio che permette la visualizzazione ottimizzata del sito wordpress e l\u2019utilizzo da parte dell\u2019amministratore. Il numero alla fine \u00e8 l\u2019ID utente individuale dalla tabella del database utenti.<\/td>\n<td>1 anno dal momento in cui viene memorizzato<\/td>\n<td>cantinadusciacchetra.it<\/td>\n<\/tr>\n<tr>\n<td><strong>wp_setting_time<\/strong><\/td>\n<td>cookie persistente<\/td>\n<td>settaggio che permette la visualizzazione ottimizzata del sito wordpress e l\u2019utilizzo da parte dell\u2019amministratore. Il numero alla fine \u00e8 l\u2019ID utente individuale dalla tabella del database utenti.<\/td>\n<td>1 anno dal momento in cui viene memorizzato<\/td>\n<td>cantinadusciacchetra.it<\/td>\n<\/tr>\n<tr>\n<td><strong>wordpress_test_cookie<\/strong><\/td>\n<td>cookie di sessione<\/td>\n<td>accettazione dei cookie wordpress presenti nel sito<\/td>\n<td>esiste solo mentre una visita, o meglio una sessione, \u00e8 in atto<\/td>\n<td>cantinadusciacchetra.it<\/td>\n<\/tr>\n<tr>\n<td><strong>wordpress_logged_in<\/strong><\/td>\n<td>cookie di sessione<\/td>\n<td>cookie di WordPress per un utente collegato<\/td>\n<td>esiste solo mentre una visita, o meglio una sessione, \u00e8 in atto<\/td>\n<td>cantinadusciacchetra.it<\/td>\n<\/tr>\n<\/tbody>\n<\/table>\n<\/li>\n<\/ul>\n<\/li>\n<\/ul>\n<p>&nbsp;<\/p>\n<ul style=\"text-align: justify;\">\n<li style=\"list-style-type: none;\">\n<\/li><ul style=\"text-align: justify;\">\n<li><strong>Cookie non necessari<\/strong><br>\nVengono utilizzati da questo sito web solo cookie tecnici necessari per il corretto funzionamento del sito stesso.<\/li><\/ul>\n\n<li><strong>Cookie di terze parti<\/strong><br>\nI cookie di questo tipo sono inviati al tuo dispositivo da domini esterni a cantinadusciacchetra.it e vengono utilizzati per integrare funzionalit\u00e0 di terze parti (ad esempio, video, mappe, icone di social network che consentono ai visitatori di condividere il contenuto del sito) nelle nostre pagine web. I cookie di questa categoria non possono essere assimilati ai cookie proprietari poich\u00e9 le informazioni raccolte attraverso di essi sono gestite e manutenute da fornitori Terzi non legati in alcun modo a Cantina du Sciacchetr\u00e0 Il Titolare del sito non dispone di alcun controllo sulle modalit\u00e0 con cui i fornitori Terzi utilizzano i tuoi dati. Ti preghiamo pertanto di leggere attentamente le rispettive privacy policies al fine di capire come vengono trattati i dati raccolti dai fornitori Terzi.<\/li>\n<\/ul>\n<p>&nbsp;<\/p>\n<p>&nbsp;<\/p>\n<p style=\"text-align: justify;\"><strong>Siti Web di terze parti<\/strong><\/p>\n<p style=\"text-align: justify;\">I siti contengono collegamenti ad altri siti web che dispongono di una propria informativa sulla privacy. Queste informative sulla privacy possono essere diverse da quella adottata dal Titolare, che quindi non risponde per siti di terze parti.<\/p>\n<p style=\"text-align: left;\"><strong>Modifiche nel nostro uso dei cookie<\/strong><\/p>\n<p style=\"text-align: justify;\">Ogni modifica all\u2019uso dei cookie per questo sito web sar\u00e0 pubblicata qui, e, se necessario, sar\u00e0 segnalata nelle sezioni opportune del nostro sito web evidenziando ogni modifica.<\/p>\n<p style=\"text-align: justify;\"><strong>Contatti<\/strong><\/p>\n<p style=\"text-align: justify; padding-bottom: 150px;\">Per qualunque informazione in merito alla presente informativa, puoi contattarci all&#8217;indirizzo email: <a href=\"mailto:cantinadusciacchetra@gmail.com\">cantinadusciacchetra@gmail.com<\/a> od utilizzando i contatti del Titolare esposti a fondo pagina.<\/p>\n<p>[\/vc_column_text][\/vc_column][\/vc_row]<\/p>\t\t\t\t\t\t<\/div>\n\t\t\t\t<\/div>\n\t\t\t\t\t<\/div>\n\t\t<\/div>\n\t\t\t\t\t\t\t<\/div>\n\t\t<\/section>\n\t\t\t\t\t\t\t<\/div>\n\t\t","protected":false},"excerpt":{"rendered":"<p>Politica sui Cookie \u2013 Utilizzo dei Cookie Informativa Estesa &nbsp; Informativa sulla privacy per l\u2019utilizzo dei cookie con riferimento alla pubblicazione sulla Gazzetta Ufficiale n. 126 del 3 giugno 2014 &nbsp; Al fine di rendere i propri servizi il pi\u00f9 possibile efficienti e semplici da utilizzare, questo sito richiede all\u2019utente se desidera o meno memorizzare &hellip;<\/p>\n<p class=\"read-more\"> <a class=\"\" href=\"https:\/\/www.cantinadusciacchetra.it\/index.php\/cookie-policy\/\"> <span class=\"screen-reader-text\">Cookie Policy<\/span> Leggi altro &raquo;<\/a><\/p>\n","protected":false},"author":1,"featured_media":0,"parent":0,"menu_order":0,"comment_status":"closed","ping_status":"closed","template":"","meta":{"site-sidebar-layout":"default","site-content-layout":"default","ast-global-header-display":"","ast-main-header-display":"","ast-hfb-above-header-display":"","ast-hfb-below-header-display":"","ast-hfb-mobile-header-display":"","site-post-title":"","ast-breadcrumbs-content":"","ast-featured-img":"","footer-sml-layout":"","theme-transparent-header-meta":"","adv-header-id-meta":"","stick-header-meta":"","header-above-stick-meta":"","header-main-stick-meta":"","header-below-stick-meta":"","footnotes":""},"class_list":["post-827","page","type-page","status-publish","hentry"],"_links":{"self":[{"href":"https:\/\/www.cantinadusciacchetra.it\/index.php\/wp-json\/wp\/v2\/pages\/827","targetHints":{"allow":["GET"]}}],"collection":[{"href":"https:\/\/www.cantinadusciacchetra.it\/index.php\/wp-json\/wp\/v2\/pages"}],"about":[{"href":"https:\/\/www.cantinadusciacchetra.it\/index.php\/wp-json\/wp\/v2\/types\/page"}],"author":[{"embeddable":true,"href":"https:\/\/www.cantinadusciacchetra.it\/index.php\/wp-json\/wp\/v2\/users\/1"}],"replies":[{"embeddable":true,"href":"https:\/\/www.cantinadusciacchetra.it\/index.php\/wp-json\/wp\/v2\/comments?post=827"}],"version-history":[{"count":0,"href":"https:\/\/www.cantinadusciacchetra.it\/index.php\/wp-json\/wp\/v2\/pages\/827\/revisions"}],"wp:attachment":[{"href":"https:\/\/www.cantinadusciacchetra.it\/index.php\/wp-json\/wp\/v2\/media?parent=827"}],"curies":[{"name":"wp","href":"https:\/\/api.w.org\/{rel}","templated":true}]}}